, 241
What are the prime factors of 90?
2, 3, 5
What are the prime factors of 33507?
3, 17, 73
What are the prime factors of 6457?
11, 587
What are the prime factors of 24563?
7, 11, 29
List the prime factors of 1362.
2, 3, 227
List the prime factors of 16135.
5, 7, 461
What are the prime factors of 49919?
49919
List the prime factors of 34684.
2, 13, 23, 29
What are the prime factors of 27902?
2, 7, 1993
List the prime factors of 8544.
2, 3, 89
What are the prime factors of 465?
3, 5, 31
What are the prime factors of 616?
2, 7, 11
What are the prime factors of 1849?
43
List the prime factors of 3763.
53, 71
List the prime factors of 4057.
4057
What are the prime factors of 172?
2, 43
What are the prime factors of 595?
5, 7, 17
List the prime factors of 638.
2, 11, 29
What are the prime factors of 44900?
2, 5, 449
List the prime factors of 3009.
3, 17, 59
What are the prime factors of 305?
5, 61
What are the prime factors of 16630?
2, 5, 1663
List the prime factors of 94.
2, 47
What are the prime factors of 112926?
2, 3, 11, 29, 59
What are the prime factors of 36080?
2, 5, 11, 41
List the prime factors of 5410.
2, 5, 541
What are the prime factors of 42860?
2, 5, 2143
What are the prime factors of 2289?
3, 7, 109
List the prime factors of 28210.
2, 5, 7, 13, 31
What are the prime factors of 8330?
2, 5, 7, 17
What are the prime factors of 237?
3, 79
What are the prime factors of 491?
491
What are the prime factors of 645?
3, 5, 43
What are the prime factors of 19249?
19249
What are the prime factors of 64?
2
What are the prime factors of 23501?
71, 331
List the prime factors of 747.
3, 83
List the prime factors of 1103.
1103
List the prime factors of 115732.
2, 28933
List the prime factors of 9470.
2, 5, 947
What are the prime factors of 8841?
3, 7, 421
What are the prime factors of 996?
2, 3, 83
What are the prime factors of 2707?
2707
What are the prime factors of 2066?
2, 1033
List the prime factors of 3829.
7, 547
List the prime factors of 9601.
9601
What are the prime factors of 2966?
2, 1483
List the prime factors of 1320.
2, 3, 5, 11
List the prime factors of 5760.
2, 3, 5
What are the prime factors of 64655?
5, 67, 193
List the prime factors of 35933.
35933
What are the prime factors of 4568?
2, 571
List the prime factors of 90045.
3, 5, 23, 29
List the prime factors of 39039.
3, 7, 11, 13
What are the prime factors of 481?
13, 37
List the prime factors of 1442.
2, 7, 103
List the prime factors of 10794.
2, 3, 7, 257
List the prime factors of 71794.
2, 35897
What are the prime factors of 1832?
2, 229
What are the prime factors of 1829?
31, 59
What are the prime factors of 595?
5, 7, 17
List the prime factors of 3759.
3, 7, 179
List the prime factors of 708.
2, 3, 59
What are the prime factors of 11456?
2, 179
List the prime factors of 124.
2, 31
List the prime factors of 11601.
3, 1289
List the prime factors of 236.
2, 59
What are the prime factors of 70879?
70879
List the prime factors of 382.
2, 191
What are the prime factors of 850?
2, 5, 17
List the prime factors of 38123.
67, 569
What are the prime factors of 31426?
2, 19, 827
List the prime factors of 33384.
2, 3, 13, 107
What are the prime factors of 1084?
2, 271
What are the prime factors of 9181?
9181
What are the prime factors of 845?
5, 13
List the prime factors of 1706.
2, 853
What are the prime factors of 37883?
43, 881
What are the prime factors of 746?
2, 373
What are the prime factors of 2066?
2, 1033
List the prime factors of 4894.
2, 2447
What are the prime factors of 26337?
3, 8779
What are the prime factors of 1002?
2, 3, 167
What are the prime factors of 589?
19, 31
What are the prime factors of 79395?
3, 5, 67, 79
List the prime factors of 1049.
1049
What are the prime factors of 2767?
2767
List the prime factors of 96702.
2, 3, 71, 227
List the prime factors of 119413.
7, 2437
What are the prime factors of 126932?
2, 13, 2441
What are the prime factors of 2476?
2, 619
List the prime factors of 6646.
2, 3323
List the prime factors of 5456.
2, 11, 31
List the prime factors of 44761.
17, 2633
What are the prime factors of 2612?
2, 653
List the prime factors of 34620.
2, 3, 5, 577
List the prime factors of 5795.
5, 19, 61
What are the prime factors of 18175?
5, 727
What are the prime factors of 390?
2, 3, 5, 13
List the prime factors of 46869.
3, 17, 919
List the prime factors of 959.
7, 137
List the prime factors of 16.
2
List the prime factors of 4562.
2, 2281
What are the prime factors of 6873?
3, 29, 79
List the prime factors of 83377.
7, 43, 277
List the prime factors of 20740.
2, 5, 17, 61
What are the prime factors of 970?
2, 5, 97
List the prime factors of 4053.
3, 7, 193
What are the prime factors of 28673?
53, 541
List the prime factors of 186.
2, 3, 31
List the prime factors of 1768.
2, 13, 17
What are the prime factors of 5568?
2, 3, 29
List the prime factors of 1601.
1601
List the prime factors of 26566.
2, 37, 359
List the prime factors of 5952.
2, 3, 31
What are the prime factors of 6320?
2, 5, 79
What are the prime factors of 11176?
2, 11, 127
What are the prime factors of 1544?
2, 193
What are the prime factors of 1660?
2, 5, 83
What are the prime factors of 26326?
2, 13163
List the prime factors of 393.
3, 131
List the prime factors of 4870.
2, 5, 487
List the prime factors of 99488.
2, 3109
List the prime factors of 89651.
37, 2423
What are the prime factors of 1424?
2, 89
List the prime factors of 1285.
5, 257
List the prime factors of 22710.
2, 3, 5, 757
What are the prime factors of 2897?
2897
What are the prime factors of 171693?
3, 6359
What are the prime factors of 616?
2, 7, 11
List the prime factors of 599.
599
List the prime factors of 168.
2, 3, 7
List the prime factors of 29095.
5, 11, 23
List the prime factors of 4600.
2, 5, 23
What are the prime factors of 831?
3, 277
What are the prime factors of 7044?
2, 3, 587
List the prime factors of 12402.
2, 3, 13, 53
List the prime factors of 44935.
5, 11, 19, 43
What are the prime factors of 659?
659
List the prime factors of 79061.
173, 457
What are the prime factors of 14205?
3, 5, 947
What are the prime factors of 4124?
2, 1031
What are the prime factors of 3694?
2, 1847
What are the prime factors of 444?
2, 3, 37
What are the prime factors of 30696?
2, 3, 1279
What are the prime factors of 414?
2, 3, 23
What are the prime factors of 14469?
3, 7, 13, 53
List the prime factors of 188.
2, 47
List the prime factors of 18272.
2, 571
What are the prime factors of 22393?
7, 457
What are the prime factors of 25602?
2, 3, 17, 251
List the prime factors of 6889.
83
List the prime factors of 20139.
3, 7, 137
What are the prime factors of 1069?
1069
What are the prime factors of 9971?
13, 59
List the prime factors of 2637.
3, 293
List the prime factors of 58176.
2, 3, 101
List the prime factors of 133559.
133559
What are the prime factors of 1449?
3, 7, 23
List the prime factors of 94605.
3, 5, 7, 17, 53
List the prime factors of 2667.
3, 7, 127
List the prime factors of 71777.
71777
What are the prime factors of 22544?
2, 1409
List the prime factors of 1403.
23, 61
What are the prime factors of 3793?
3793
List the prime factors of 34971.
3, 11657
List the prime factors of 27731.
11, 2521
List the prime factors of 768.
2, 3
What are the prime factors of 937?
937
What are the prime factors of 6239?
17, 367
What are the prime factors of 5278?
2, 7, 13, 29
List the prime factors of 11746.
2, 7, 839
List the prime factors of 6466.
2, 53, 61
What are the prime factors of 5240?
2, 5, 131
What are the prime factors of 5841?
3, 11, 59
List the prime factors of 2859.
3, 953
What are the prime factors of 19481?
7, 11, 23
What are the prime factors of 11031?
3, 3677
List the prime factors of 72849.
3, 7, 3469
What are the prime factors of 39329?
67, 587
List the prime factors of 529.
23
List the prime factors of 397.
397
What are the prime factors of 27239?
27239
What are the prime factors of 6457?
11, 587
List the prime factors of 357.
3, 7, 17
What are the prime factors of 13950?
2, 3, 5, 31
What are the prime factors of 6331?
13, 487
List the prime factors of 96389.
113, 853
What are the prime factors of 2588?
2, 647
List the prime factors of 1492.
2, 373
What are the prime factors of 12398?
2, 6199
What